?
False
Is 14900309 a prime number?
True
Is 111098059 prime?
True
Is 1210031 a composite number?
True
Is 14867603 composite?
False
Is 905423 a prime number?
False
Is 534165851 a prime number?
True
Is 842585449 a prime number?
True
Is 101679679 composite?
False
Is 1901333 a composite number?
True
Is 3699518 prime?
False
Is 60732247 a prime number?
False
Is 335851 a composite number?
True
Is 28749389 prime?
True
Is 19439591 composite?
False
Is 144646849 a prime number?
True
Is 152663911 composite?
True
Is 321912579 a composite number?
True
Is 10949063 composite?
True
Is 78089569 a composite number?
True
Is 7831137 composite?
True
Is 1195294099 composite?
False
Is 4186801 composite?
False
Is 4412753 prime?
True
Is 2715238 prime?
False
Is 2364137 a composite number?
True
Is 3788621 prime?
True
Is 29567 composite?
False
Is 4867969 composite?
True
Is 6857867 a prime number?
False
Is 432979 a composite number?
False
Is 2872537 a composite number?
True
Is 45942298 a prime number?
False
Is 9790349 composite?
True
Is 274410883 composite?
False
Is 83783419 a prime number?
True
Is 45210047 composite?
False
Is 238756433 a prime number?
True
Is 191593679 a prime number?
True
Is 9797017 composite?
False
Is 21262379 a composite number?
True
Is 57574927 composite?
True
Is 5535269 a prime number?
True
Is 11596721 a composite number?
False
Is 132848701 a composite number?
True
Is 12356447 prime?
True
Is 82641057 composite?
True
Is 240336511 composite?
False
Is 917831335 prime?
False
Is 1842965255 a prime number?
False
Is 56237 prime?
True
Is 40395743 prime?
True
Is 1355645653 a prime number?
True
Is 648119 prime?
True
Is 4403543 composite?
False
Is 105005929 a prime number?
False
Is 5454377 prime?
True
Is 304193 a composite number?
False
Is 21052841 a composite number?
False
Is 223198135 composite?
True
Is 287560579 a composite number?
True
Is 1313141 a prime number?
True
Is 2074199 prime?
True
Is 5998207 a composite number?
False
Is 9595499 composite?
True
Is 4531909 a prime number?
False
Is 216067699 a composite number?
False
Is 86627581 prime?
True
Is 63791153 a composite number?
True
Is 24889 prime?
True
Is 1494343 composite?
False
Is 2985689 composite?
True
Is 21803581 a prime number?
True
Is 366500143 prime?
True
Is 3667669 composite?
False
Is 2541607 composite?
True
Is 18665729 a composite number?
False
Is 5911723 a prime number?
False
Is 5408191 a composite number?
False
Is 990347 a composite number?
True
Is 57576215 a prime number?
False
Is 9361591 composite?
False
Is 24728219 a prime number?
False
Is 6922813 composite?
False
Is 90615311 a composite number?
False
Is 18415511 a composite number?
False
Is 129697642 a composite number?
True
Is 29896109 a prime number?
False
Is 42072551 a prime number?
False
Is 10838705 prime?
False
Is 1157791 a prime number?
True
Is 5603159 composite?
False
Is 453451 composite?
False
Is 10557031 a prime number?
True
Is 5587171 a composite number?
False
Is 50920447 a composite number?
False
Is 28965877 prime?
False
Is 4247201 a prime number?
False
Is 1913683 prime?
True
Is 21383491 prime?
False
Is 51475433 prime?
False
Is 468104369 a composite number?
False
Is 216746123 prime?
False
Is 16153069 prime?
True
Is 6457957 a prime number?
False
Is 50311759 prime?
True
Is 1420183 composite?
True
Is 2045177 a composite number?
False
Is 3874181 prime?
False
Is 158801843 a composite number?
False
Is 34125877 prime?
False
Is 47652089 a composite number?
True
Is 32856677 composite?
True
Is 62675369 composite?
True
Is 117724953 a composite number?
True
Is 30898963 a composite number?
True
Is 49332043 a prime number?
True
Is 476279 a composite number?
False
Is 12929303 prime?
True
Is 23037517 composite?
False
Is 366295871 composite?
False
Is 272006221 prime?
True
Is 9080293 composite?
False
Is 6833629 a composite number?
True
Is 32864753 composite?
True
Is 2356481 composite?
True
Is 2314133 a prime number?
True
Is 62365337 a composite number?
True
Is 2988961 a composite number?
False
Is 2076539 prime?
True
Is 26428379 a composite number?
False
Is 13076537 prime?
False
Is 155603191 a composite number?
False
Is 737953631 prime?
True
Is 3490679 a prime number?
False
Is 2452253 composite?
False
Is 6866129 prime?
True
Is 121226387 composite?
False
Is 628109 prime?
False
Is 629517767 composite?
True
Is 1421437 a composite number?
False
Is 79393289 composite?
False
Is 2590637 composite?
True
Is 38287 prime?
True
Is 122382019 a prime number?
False
Is 54274669 a composite number?
False
Is 48678241 prime?
True
Is 84200981 a composite number?
False
Is 9520037 a composite number?
False
Is 163195657 prime?
True
Is 900194311 a prime number?
True
Is 22623437 composite?
False
Is 42973747 a prime number?
True
Is 131421551 a prime number?
False
Is 14417633 a prime number?
False
Is 13049839 composite?
True
Is 45305191 composite?
True
Is 237227 a prime number?
False
Is 4799843 composite?
False
Is 733937 a composite number?
False
Is 10466989 a prime number?
False
Is 18610637 composite?
True
Is 2133991 a composite number?
False
Is 1538261 a prime number?
True
Is 3661267 prime?
False
Is 5696953 a prime number?
True
Is 759751 composite?
True
Is 43197503 a prime number?
False
Is 13504223 prime?
False
Is 2548151 prime?
False
Is 16607707 composite?
False
Is 915511 a prime number?
False
Is 521543921 a prime number?
True
Is 3894611 a composite number?
True
Is 5293459 composite?
True
Is 30849779 a composite number?
False
Is 1477291 a composite number?
False
Is 3112433 composite?
True
Is 835817005 a composite number?
True
Is 1255927 a composite number?
False
Is 27341011 a prime number?
True
Is 1990537 prime?
False
Is 4360541 prime?
True
Is 44629051 prime?
True
Is 6409577 composite?
False
Is 3691 a composite number?
False
Is 14352563 a composite number?
False
Is 234864551 a prime number?
False
Is 23960163 composite?
True
Is 10225307 prime?
True
Is 15647447 composite?
False
Is 107507341 prime?
True
Is 7089437 prime?
False
Is 573721 a composite number?
True
Is 172178071 composite?
True
Is 3274429 prime?
False
Is 1717283 prime?
True
Is 52182709 composite?
True
Is 3056149 prime?
True
Is 84241263 a composite number?
True
Is 17164727 prime?
True
Is 6172781 a prime number?
False
Is 27424237 prime?
False
Is 4357727 a prime number?
False
Is 46213689 composite?
True
Is 23335583 prime?
True
Is 18243293 prime?
True
Is 200774077 prime?
False
Is 23117687 a prime number?
True
Is 32073323 a composite number?
False
Is 187543631 a composite number?
True
Is 728801873 composite?
False
Is 2592643 a prime number?
False
Is 23322841 composite?
False
Is 68321089 a composite number?
False
Is 1785667 prime?
False
Is 940189543 composite?
False
Is 3488943 a composite number?
True
Is 1380591923 a composite number?
False
Is 158553767 composite?
True
Is 202251449 a composite number?
False
Is 144254417 a composite number?
True
Is 22439227 a composite number?
False
Is 182450957 prime?
False
Is 68735389 composite?
True
Is 117456817 prime?
False
Is 12750857 a composite number?
True
Is 168599 a prime number?
True
Is 41435573 composite?
True
Is 2398874 a composite number?
True
Is 245816843 a prime number?
False
Is 10038173 composite?
False
Is 11139419 a composite number?
False
Is 2181415 a prime number?
False
Is 3359687 prime?
False
Is 2178287 a composite number?
True
Is 44593559 a composite number?
False
Is 68561117 composite?
True
Is 164739373 composite?
True
Is 262493387 a prime number?
False
Is 22336591 a prime number?
True
Is 11412463 a prime number?
True
Is 9452617 prime?
True
Is 31701227 a prime number?
False
Is 1102347517 prime?
True
Is 16173889 composite?
False
Is 1932677 composite?
False
Is 139293281 prime?
True
Is 51740419 a prime number?
True
Is 3009611 a composite number?
True
Is 148929109 prime?
False
Is 259596011 a composite number?
False
Is 1463765 a composite number?
True
Is 65699573 composite?
True
Is 33411689 a prime number?
False
Is 352249 a composite number?
False
Is 337475521 a prime number?
True
Is 1848617 a prime number?
True
Is 3198581 prime?
True
Is 2371991 a prime number?
True
Is 82917589 prime?
False
Is 895670251 a composite number?
True
Is 22444309 composite?
False
Is 78839239 composite?
True
Is 560933383 a prime number?
True
Is 58011581 prime?
True
Is 1354523 a composite 